23?
False
Does 1588 divide 2567806?
False
Is 56 a factor of 10249202?
False
Is 5 a factor of 353061?
False
Is 656046 a multiple of 45?
False
Is 5 a factor of 2023281?
False
Is 77880 a multiple of 233?
False
Is 312833 a multiple of 307?
True
Does 723 divide 1068594?
True
Is 42 a factor of 1759086?
True
Is 7256520 a multiple of 20?
True
Is 6624 a multiple of 81?
False
Is 36357 a multiple of 1086?
False
Is 358869 a multiple of 40?
False
Is 70 a factor of 1032150?
True
Is 35188 a multiple of 38?
True
Is 101 a factor of 2062564?
False
Is 62528 a multiple of 16?
True
Does 4 divide 2193659?
False
Is 129421 a multiple of 17?
True
Does 34 divide 5361018?
True
Does 351 divide 200435?
False
Does 5 divide 98395?
True
Is 48444 a multiple of 50?
False
Is 1105 a factor of 3344835?
True
Does 48 divide 2985698?
False
Is 375 a factor of 258375?
True
Does 21 divide 94416?
True
Does 18 divide 410112?
True
Does 14 divide 481404?
True
Is 5407248 a multiple of 88?
True
Is 256827 a multiple of 177?
True
Is 26768 a multiple of 53?
False
Does 11 divide 45166?
True
Does 356 divide 5425746?
False
Does 23 divide 429571?
True
Does 309 divide 16534281?
True
Does 123 divide 9388133?
False
Does 2908 divide 7676471?
False
Does 64 divide 403457?
False
Does 38 divide 314222?
True
Does 17 divide 15123321?
False
Is 208 a factor of 31824?
True
Is 56 a factor of 16315?
False
Is 147471 a multiple of 3?
True
Is 76 a factor of 1063696?
True
Is 3715670 a multiple of 490?
True
Does 106 divide 53530?
True
Does 3 divide 143892?
True
Is 282 a factor of 5813102?
False
Is 8 a factor of 11512696?
True
Does 144 divide 299664?
True
Is 24 a factor of 668928?
True
Is 474 a factor of 214248?
True
Is 542 a factor of 144172?
True
Is 2528372 a multiple of 308?
True
Is 75 a factor of 1083150?
True
Is 6105216 a multiple of 160?
False
Does 2 divide 217318?
True
Is 778 a factor of 732879?
False
Does 20 divide 15600?
True
Does 28 divide 70321?
False
Is 50 a factor of 84905?
False
Is 7 a factor of 259633?
False
Is 114 a factor of 2396394?
True
Is 318432 a multiple of 12?
True
Is 12 a factor of 1104912?
True
Is 808 a factor of 16295744?
True
Is 180583 a multiple of 29?
True
Is 422090 a multiple of 10?
True
Is 6 a factor of 101400?
True
Is 17 a factor of 256360?
True
Is 802 a factor of 695334?
True
Is 7276 a multiple of 8?
False
Is 85 a factor of 3688223?
False
Is 9561329 a multiple of 905?
False
Is 495 a multiple of 5?
True
Is 2 a factor of 1952505?
False
Is 3 a factor of 10230?
True
Does 217 divide 2459169?
False
Is 71860 a multiple of 14?
False
Is 23 a factor of 229885?
True
Is 132 a factor of 179388?
True
Is 775775 a multiple of 11?
True
Does 1198 divide 7896018?
True
Is 169 a factor of 345379?
False
Is 1484437 a multiple of 157?
False
Is 23 a factor of 634557?
False
Is 49874 a multiple of 4?
False
Is 283 a factor of 23717947?
True
Is 2831223 a multiple of 12?
False
Is 240152 a multiple of 8?
True
Is 333529 a multiple of 7?
True
Is 31 a factor of 1148275?
False
Is 29 a factor of 56215?
False
Does 139 divide 156375?
True
Is 7 a factor of 50801?
False
Does 12 divide 16494540?
True
Is 20 a factor of 229040?
True
Does 137 divide 62472?
True
Is 734106 a multiple of 14?
False
Is 2 a factor of 472617?
False
Is 84 a factor of 36205?
False
Does 9 divide 7133926?
False
Is 126195 a multiple of 705?
True
Is 173 a factor of 1119310?
True
Does 35 divide 44975?
True
Is 357759 a multiple of 313?
True
Is 378796 a multiple of 51?
False
Is 425 a factor of 474300?
True
Is 302 a factor of 6772350?
True
Does 179 divide 15263563?
False
Is 203085 a multiple of 3?
True
Is 49 a factor of 1629495?
True
Is 10 a factor of 550174?
False
Is 464718 a multiple of 219?
True
Is 30 a factor of 2737334?
False
Is 7404 even?
True
Does 13 divide 304753?
False
Is 21 a factor of 23921?
False
Is 717 a factor of 3953538?
True
Does 541 divide 2894467?
False
Is 3480260 a multiple of 140?
True
Is 6 a factor of 923832?
True
Does 15 divide 1701473?
False
Does 13 divide 5166875?
False
Does 735 divide 4794405?
True
Is 382 a factor of 452670?
True
Does 8 divide 20807?
False
Is 460 a factor of 1308240?
True
Is 31 a factor of 2936351?
True
Is 240911 a multiple of 61?
False
Is 11 a factor of 39076?
False
Is 296676 a multiple of 54?
True
Is 16 a factor of 721744?
True
Does 6 divide 432023?
False
Is 559 a factor of 3147920?
False
Is 467932 a multiple of 38?
True
Is 256 a factor of 85728?
False
Does 43 divide 107844?
True
Does 842 divide 1059411?
False
Does 914 divide 11134348?
True
Is 837 a factor of 786239?
False
Is 1764 a multiple of 49?
True
Is 26 a factor of 2736654?
False
Is 354 a factor of 1452108?
True
Is 269102 a multiple of 197?
True
Is 144228 a multiple of 14?
True
Does 162 divide 6954822?
True
Is 6264391 a multiple of 25?
False
Is 2054080 a multiple of 524?
True
Is 21 a factor of 331179?
False
Is 124082 a multiple of 70?
False
Is 21 a factor of 467187?
True
Is 17 a factor of 9444282?
True
Does 41 divide 691601?
False
Is 723142 a multiple of 329?
True
Is 14 a factor of 4161391?
False
Is 140301 a multiple of 9?
True
Is 156 a factor of 10472748?
True
Is 985815 a multiple of 9?
True
Is 871 a factor of 2258909?
False
Is 2108246 a multiple of 7?
True
Does 4 divide 25464?
True
Does 386 divide 396422?
True
Is 2277329 a multiple of 115?
False
Does 240 divide 649944?
False
Is 46618 a multiple of 26?
True
Is 4 a factor of 1212270?
False
Is 4155665 a multiple of 9?
False
Is 573715 a multiple of 180?
False
Is 657 a factor of 575532?
True
Does 5 divide 25307?
False
Is 57825 a multiple of 5?
True
Is 211 a factor of 1470366?
False
Does 262 divide 9833579?
False
Is 118 a factor of 1177758?
True
Does 82 divide 3925832?
True
Does 12 divide 597600?
True
Is 218588 a multiple of 134?
False
Is 824711 a multiple of 23?
True
Is 114 a factor of 4784616?
False
Does 2 divide 137452?
True
Does 13 divide 6770868?
True
Does 20 divide 120720?
True
Is 63 a factor of 83967?
False
Does 7 divide 7084372?
False
Is 94 a factor of 6389932?
True
Is 13 a factor of 374924?
False
Is 255150 a multiple of 42?
True
Does 4 divide 168319?
False
Does 6 divide 1545468?
True
Does 6 divide 316566?
True
Is 169568 a multiple of 27?
False
Is 14 a factor of 366212?
True
Is 16 a factor of 8047296?
True
Is 1054728 a multiple of 38?
True
Does 1517 divide 8073474?
True
Is 32618714 a multiple of 329?
False
Does 16 divide 1702872?
False
Is 67 a factor of 742561?
True
Does 71 divide 309498?
False
Does 142 divide 10360417?
False
Is 4092172 a multiple of 68?
True
Is 2 a factor of 1595492?
True
Is 73 a factor of 1291735?
True
Is 30 a factor of 1033255?
False
Does 413 divide 127204?
True
Does 7 divide 4527132?
False
Does 70 divide 734720?
True
Is 8633450 a multiple of 35?
True
Does 4 divide 409420?
True
Is 718454 a multiple of 11?
True
Does 398 divide 131855?
False
Is 124022 a multiple of 12?
False
Is 320 a factor of 5039360?
True
Is 396929 a multiple of 13?
True
Is 408576 a multiple of 114?
True
Is 316 a factor of 127032?
True
Is 6138388 a multiple of 28?
False
Is 619534 a multiple of 13?
False
Is 17301 a multiple of 17?
False
Is 2276463 a multiple of 16?
False
Is 54 a factor of 5718114?
True
Is 36 a factor of 260878?
False
Is 112468 a multiple of 62?
True
Does 332 divide 203653?
False
Is 13 a factor of 343044?
True
Is 21 a factor of 18186?
True
Does 13 divide 781711?
False
Does 26 divide 164632?
True
Does 229 divide 201062?
True
Is 40 a factor of 1871790?
False
Is 97714 a multiple of 8?
False
Does 37 divide 17353?
True
Is 48 a factor of 104982?
False
Is 984834 a multiple of 43?
False
Does 42 divide 1142282?
False
Is 93 a factor of 41319?
False
Does 10 divide 1968670?
True
Does 389 divide 371679?
False
Is 60 a factor of 3126480?
True
Does 19 divide 8200267?
True
Does 64 divide 121984?
True
Is 1389855 even?
False
Does 332 divide 226424?
True
Is 331919 a multiple of 77?
False
Is 31320 a multiple of 20?
True
Is 21 a factor of 766500?
True
Is 65910 a multiple of 195?
True
Is 24582 a multiple of 51?
True
Is 39 a factor of 7522?
False
Does 976 divide 6462096?
True
Is 117 a factor of 150696?
True
Does 34 divide 88477?
False
Is 345742 even?
True
Does 48 divide 63409?
False
Is 33210 a multiple of 90?
True
Is 827802 a multiple of 389?
False
Does 10 divide 61060?
True
Is 16193 a multiple of 7?
False
Is 1572876 a multiple